[INFO] cloning repository https://github.com/dvc94ch/rust-ipld-collections
[INFO] running `Command { std: "git" "-c" "credential.helper=" "-c" "credential.helper=/workspace/cargo-home/bin/git-credential-null" "clone" "--bare" "https://github.com/dvc94ch/rust-ipld-collections" "/workspace/cache/git-repos/https%3A%2F%2Fgithub.com%2Fdvc94ch%2Frust-ipld-collections", kill_on_drop: false }`
[INFO] [stderr] Cloning into bare repository '/workspace/cache/git-repos/https%3A%2F%2Fgithub.com%2Fdvc94ch%2Frust-ipld-collections'...
[INFO] running `Command { std: "git" "rev-parse" "HEAD", kill_on_drop: false }`
[INFO] [stdout] bb8a0d9a98c145658e50e19fbd6b80bbeb714c4f
[INFO] checking dvc94ch/rust-ipld-collections against master#af3c6e733a40e671550e0f0f5aeecaa13772ba56 for pr-74989
[INFO] running `Command { std: "git" "clone" "/workspace/cache/git-repos/https%3A%2F%2Fgithub.com%2Fdvc94ch%2Frust-ipld-collections" "/workspace/builds/worker-0/source", kill_on_drop: false }`
[INFO] [stderr] Cloning into '/workspace/builds/worker-0/source'...
[INFO] [stderr] done.
[INFO] validating manifest of git repo https://github.com/dvc94ch/rust-ipld-collections on toolchain af3c6e733a40e671550e0f0f5aeecaa13772ba56
[INFO] running `Command { std: "/workspace/cargo-home/bin/cargo" "+af3c6e733a40e671550e0f0f5aeecaa13772ba56" "read-manifest" "--manifest-path" "Cargo.toml", kill_on_drop: false }`
[INFO] started tweaking git repo https://github.com/dvc94ch/rust-ipld-collections
[INFO] finished tweaking git repo https://github.com/dvc94ch/rust-ipld-collections
[INFO] tweaked toml for git repo https://github.com/dvc94ch/rust-ipld-collections written to /workspace/builds/worker-0/source/Cargo.toml
[INFO] crate git repo https://github.com/dvc94ch/rust-ipld-collections already has a lockfile, it will not be regenerated
[INFO] running `Command { std: "/workspace/cargo-home/bin/cargo" "+af3c6e733a40e671550e0f0f5aeecaa13772ba56" "fetch" "--locked" "--manifest-path" "Cargo.toml", kill_on_drop: false }`
[INFO] [stderr]  Downloading crates ...
[INFO] [stderr]   Downloaded rusty-fork v0.2.2
[INFO] [stderr]   Downloaded wait-timeout v0.2.0
[INFO] [stderr]   Downloaded bit-set v0.5.2
[INFO] [stderr]   Downloaded model v0.1.2
[INFO] [stderr]   Downloaded bit-vec v0.6.2
[INFO] [stderr]   Downloaded thiserror v1.0.19
[INFO] [stderr]   Downloaded futures-timer v2.0.2
[INFO] [stderr]   Downloaded memoffset v0.5.4
[INFO] [stderr]   Downloaded quick-error v1.2.3
[INFO] [stderr]   Downloaded anyhow v1.0.32
[INFO] [stderr]   Downloaded rand_core v0.4.2
[INFO] [stderr]   Downloaded syn v1.0.39
[INFO] [stderr]   Downloaded crossbeam-channel v0.4.2
[INFO] [stderr]   Downloaded async-attributes v1.1.1
[INFO] [stderr]   Downloaded wasm-bindgen-macro-support v0.2.62
[INFO] [stderr]   Downloaded tinytemplate v1.0.4
[INFO] [stderr]   Downloaded base-x v0.2.6
[INFO] [stderr]   Downloaded wasm-bindgen-macro v0.2.62
[INFO] [stderr]   Downloaded hermit-abi v0.1.13
[INFO] [stderr]   Downloaded data-encoding-macro-internal v0.1.8
[INFO] [stderr]   Downloaded criterion v0.3.2
[INFO] [stderr]   Downloaded bumpalo v3.3.0
[INFO] [stderr]   Downloaded wasm-bindgen v0.2.62
[INFO] [stderr]   Downloaded serde v1.0.110
[INFO] [stderr]   Downloaded serde_json v1.0.53
[INFO] [stderr]   Downloaded plotters v0.2.14
[INFO] [stderr]   Downloaded web-sys v0.3.39
[INFO] [stderr]   Downloaded serde_derive v1.0.110
[INFO] [stderr]   Downloaded libipld-cbor-derive v0.4.0
[INFO] [stderr]   Downloaded libipld-cbor v0.4.0
[INFO] [stderr]   Downloaded criterion-plot v0.4.2
[INFO] [stderr]   Downloaded rand v0.4.6
[INFO] [stderr]   Downloaded oorandom v11.1.1
[INFO] [stderr]   Downloaded async-task v1.3.1
[INFO] [stderr]   Downloaded wasm-bindgen-shared v0.2.62
[INFO] [stderr]   Downloaded js-sys v0.3.39
[INFO] [stderr]   Downloaded wasm-bindgen-backend v0.2.62
[INFO] [stderr]   Downloaded data-encoding v2.2.0
[INFO] [stderr]   Downloaded thiserror-impl v1.0.19
[INFO] [stderr]   Downloaded rand v0.5.6
[INFO] [stderr]   Downloaded kv-log-macro v1.0.5
[INFO] [stderr]   Downloaded tiny-cid v0.2.0
[INFO] [stderr]   Downloaded tiny-multihash v0.4.0
[INFO] [stderr]   Downloaded libipld-macro v0.4.0
[INFO] [stderr]   Downloaded unsigned-varint v0.5.0
[INFO] [stderr]   Downloaded libipld-core v0.4.0
[INFO] [stderr]   Downloaded permutohedron v0.2.4
[INFO] [stderr]   Downloaded async-std v1.5.0
[INFO] [stderr]   Downloaded data-encoding-macro v0.1.8
[INFO] [stderr]   Downloaded multibase v0.8.0
[INFO] [stderr]   Downloaded async-trait v0.1.38
[INFO] [stderr]   Downloaded proptest v0.8.7
[INFO] [stderr]   Downloaded cached v0.18.0
[INFO] [stderr]   Downloaded libipld v0.4.0
[INFO] running `Command { std: "docker" "create" "-v" "/var/lib/crater-agent-workspace/builds/worker-0/target:/opt/rustwide/target:rw,Z" "-v" "/var/lib/crater-agent-workspace/builds/worker-0/source:/opt/rustwide/workdir:ro,Z" "-v" "/var/lib/crater-agent-workspace/cargo-home:/opt/rustwide/cargo-home:ro,Z" "-v" "/var/lib/crater-agent-workspace/rustup-home:/opt/rustwide/rustup-home:ro,Z" "-e" "SOURCE_DIR=/opt/rustwide/workdir" "-e" "CARGO_TARGET_DIR=/opt/rustwide/target" "-e" "CARGO_HOME=/opt/rustwide/cargo-home" "-e" "RUSTUP_HOME=/opt/rustwide/rustup-home" "-w" "/opt/rustwide/workdir" "-m" "1610612736" "--user" "0:0" "--network" "none" "rustops/crates-build-env@sha256:d92eaeed33fa75130ca1ee6c8a01d1ffb62bac859dfdfb3450e3e5d1c0146529" "/opt/rustwide/cargo-home/bin/cargo" "+af3c6e733a40e671550e0f0f5aeecaa13772ba56" "metadata" "--no-deps" "--format-version=1", kill_on_drop: false }`
[INFO] [stdout] ddfb2d7f0463bce7c286540c70c376cc47ab2119fe7dda49f2654fd853b1766c
[INFO] [stderr] WARNING: Your kernel does not support swap limit capabilities or the cgroup is not mounted. Memory limited without swap.
[INFO] running `Command { std: "docker" "start" "-a" "ddfb2d7f0463bce7c286540c70c376cc47ab2119fe7dda49f2654fd853b1766c", kill_on_drop: false }`
[INFO] running `Command { std: "docker" "inspect" "ddfb2d7f0463bce7c286540c70c376cc47ab2119fe7dda49f2654fd853b1766c", kill_on_drop: false }`
[INFO] running `Command { std: "docker" "rm" "-f" "ddfb2d7f0463bce7c286540c70c376cc47ab2119fe7dda49f2654fd853b1766c", kill_on_drop: false }`
[INFO] [stdout] ddfb2d7f0463bce7c286540c70c376cc47ab2119fe7dda49f2654fd853b1766c
[INFO] running `Command { std: "docker" "create" "-v" "/var/lib/crater-agent-workspace/builds/worker-0/target:/opt/rustwide/target:rw,Z" "-v" "/var/lib/crater-agent-workspace/builds/worker-0/source:/opt/rustwide/workdir:ro,Z" "-v" "/var/lib/crater-agent-workspace/cargo-home:/opt/rustwide/cargo-home:ro,Z" "-v" "/var/lib/crater-agent-workspace/rustup-home:/opt/rustwide/rustup-home:ro,Z" "-e" "SOURCE_DIR=/opt/rustwide/workdir" "-e" "CARGO_TARGET_DIR=/opt/rustwide/target" "-e" "CARGO_INCREMENTAL=0" "-e" "RUST_BACKTRACE=full" "-e" "RUSTFLAGS=--cap-lints=forbid" "-e" "CARGO_HOME=/opt/rustwide/cargo-home" "-e" "RUSTUP_HOME=/opt/rustwide/rustup-home" "-w" "/opt/rustwide/workdir" "-m" "1610612736" "--user" "0:0" "--network" "none" "rustops/crates-build-env@sha256:d92eaeed33fa75130ca1ee6c8a01d1ffb62bac859dfdfb3450e3e5d1c0146529" "/opt/rustwide/cargo-home/bin/cargo" "+af3c6e733a40e671550e0f0f5aeecaa13772ba56" "check" "--frozen" "--all" "--all-targets" "--message-format=json", kill_on_drop: false }`
[INFO] [stdout] bd66b4bf73268cf85b119329749e6e513ccb497c94585af40dfe9286814bad5b
[INFO] [stderr] WARNING: Your kernel does not support swap limit capabilities or the cgroup is not mounted. Memory limited without swap.
[INFO] running `Command { std: "docker" "start" "-a" "bd66b4bf73268cf85b119329749e6e513ccb497c94585af40dfe9286814bad5b", kill_on_drop: false }`
[INFO] [stderr]     Checking cfg-if v0.1.10
[INFO] [stderr]    Compiling proc-macro2 v1.0.19
[INFO] [stderr]    Compiling autocfg v1.0.0
[INFO] [stderr]    Compiling syn v1.0.39
[INFO] [stderr]    Compiling version_check v0.9.2
[INFO] [stderr]    Compiling serde v1.0.110
[INFO] [stderr]    Compiling byteorder v1.3.4
[INFO] [stderr]     Checking lazy_static v1.4.0
[INFO] [stderr]    Compiling typenum v1.12.0
[INFO] [stderr]    Compiling crunchy v0.2.2
[INFO] [stderr]    Compiling maybe-uninit v2.0.0
[INFO] [stderr]     Checking block-padding v0.2.1
[INFO] [stderr]    Compiling tiny-keccak v2.0.2
[INFO] [stderr]     Checking opaque-debug v0.3.0
[INFO] [stderr]    Compiling getrandom v0.1.14
[INFO] [stderr]    Compiling memchr v2.3.3
[INFO] [stderr]     Checking arrayvec v0.5.1
[INFO] [stderr]    Compiling data-encoding v2.2.0
[INFO] [stderr]     Checking keccak v0.1.0
[INFO] [stderr]     Checking subtle v2.2.3
[INFO] [stderr]    Compiling anyhow v1.0.32
[INFO] [stderr]     Checking base-x v0.2.6
[INFO] [stderr]     Checking unsigned-varint v0.5.0
[INFO] [stderr]    Compiling semver-parser v0.7.0
[INFO] [stderr]     Checking ppv-lite86 v0.2.8
[INFO] [stderr]     Checking slab v0.4.2
[INFO] [stderr]    Compiling rayon-core v1.7.0
[INFO] [stderr]     Checking either v1.5.3
[INFO] [stderr]     Checking itoa v0.4.5
[INFO] [stderr]     Checking once_cell v1.4.0
[INFO] [stderr]     Checking futures-io v0.3.5
[INFO] [stderr]     Checking pin-utils v0.1.0
[INFO] [stderr]     Checking fnv v1.0.7
[INFO] [stderr]     Checking bit-vec v0.6.2
[INFO] [stderr]     Checking futures-core v0.3.5
[INFO] [stderr]     Checking pin-project-lite v0.1.5
[INFO] [stderr]     Checking quick-error v1.2.3
[INFO] [stderr]     Checking oorandom v11.1.1
[INFO] [stderr]     Checking permutohedron v0.2.4
[INFO] [stderr]     Checking blake2b_simd v0.5.10
[INFO] [stderr]     Checking blake2s_simd v0.5.10
[INFO] [stderr]     Checking regex v1.3.7
[INFO] [stderr]     Checking itertools v0.9.0
[INFO] [stderr]    Compiling crossbeam-utils v0.7.2
[INFO] [stderr]    Compiling memoffset v0.5.4
[INFO] [stderr]    Compiling crossbeam-epoch v0.8.2
[INFO] [stderr]    Compiling num-traits v0.2.11
[INFO] [stderr]    Compiling generic-array v0.14.4
[INFO] [stderr]    Compiling proc-macro-error-attr v1.0.4
[INFO] [stderr]    Compiling proc-macro-error v1.0.4
[INFO] [stderr]     Checking cached v0.18.0
[INFO] [stderr]     Checking log v0.4.8
[INFO] [stderr]    Compiling semver v0.9.0
[INFO] [stderr]     Checking bit-set v0.5.2
[INFO] [stderr]     Checking num_cpus v1.13.0
[INFO] [stderr]     Checking net2 v0.2.34
[INFO] [stderr]     Checking wait-timeout v0.2.0
[INFO] [stderr]     Checking async-task v1.3.1
[INFO] [stderr]     Checking rand v0.5.6
[INFO] [stderr]     Checking rand v0.4.6
[INFO] [stderr]     Checking clap v2.33.1
[INFO] [stderr]     Checking kv-log-macro v1.0.5
[INFO] [stderr]     Checking csv-core v0.1.10
[INFO] [stderr]    Compiling rustc_version v0.2.3
[INFO] [stderr]     Checking rand_core v0.5.1
[INFO] [stderr]     Checking regex-automata v0.1.9
[INFO] [stderr]     Checking mio v0.6.22
[INFO] [stderr]    Compiling quote v1.0.7
[INFO] [stderr]     Checking strobe-rs v0.5.4
[INFO] [stderr]     Checking rand_chacha v0.2.2
[INFO] [stderr]    Compiling cast v0.2.3
[INFO] [stderr]     Checking tempdir v0.3.7
[INFO] [stderr]     Checking rand v0.7.3
[INFO] [stderr]     Checking crossbeam-queue v0.2.1
[INFO] [stderr]     Checking crossbeam-channel v0.4.2
[INFO] [stderr]     Checking criterion-plot v0.4.2
[INFO] [stderr]     Checking crossbeam-deque v0.7.3
[INFO] [stderr]     Checking mio-uds v0.6.8
[INFO] [stderr]     Checking plotters v0.2.14
[INFO] [stderr]     Checking digest v0.9.0
[INFO] [stderr]     Checking block-buffer v0.9.0
[INFO] [stderr]     Checking sha3 v0.9.1
[INFO] [stderr]     Checking sha2 v0.9.1
[INFO] [stderr]     Checking sha-1 v0.9.1
[INFO] [stderr]     Checking rayon v1.3.0
[INFO] [stderr]     Checking tempfile v3.1.0
[INFO] [stderr]     Checking rusty-fork v0.2.2
[INFO] [stderr]     Checking proptest v0.8.7
[INFO] [stderr]     Checking bstr v0.2.13
[INFO] [stderr]     Checking serde_json v1.0.53
[INFO] [stderr]    Compiling toml v0.5.6
[INFO] [stderr]     Checking csv v1.1.3
[INFO] [stderr]     Checking tinytemplate v1.0.4
[INFO] [stderr]     Checking model v0.1.2
[INFO] [stderr]    Compiling synstructure v0.12.4
[INFO] [stderr]    Compiling proc-macro-crate v0.1.5
[INFO] [stderr]    Compiling data-encoding-macro-internal v0.1.8
[INFO] [stderr]    Compiling tiny-multihash-derive v0.3.0
[INFO] [stderr]    Compiling thiserror-impl v1.0.19
[INFO] [stderr]    Compiling async-attributes v1.1.1
[INFO] [stderr]    Compiling libipld-cbor-derive v0.4.0
[INFO] [stderr]    Compiling async-trait v0.1.38
[INFO] [stderr]    Compiling serde_derive v1.0.110
[INFO] [stderr]     Checking async-std v1.5.0
[INFO] [stderr]     Checking data-encoding-macro v0.1.8
[INFO] [stderr]     Checking multibase v0.8.0
[INFO] [stderr]     Checking tiny-multihash v0.4.0
[INFO] [stderr]     Checking thiserror v1.0.19
[INFO] [stderr]     Checking tiny-cid v0.2.0
[INFO] [stderr]     Checking libipld-core v0.4.0
[INFO] [stderr]     Checking libipld-macro v0.4.0
[INFO] [stderr]     Checking libipld-cbor v0.4.0
[INFO] [stderr]     Checking libipld v0.4.0
[INFO] [stderr]     Checking ipld-collections v0.2.0 (/opt/rustwide/workdir)
[INFO] [stderr]     Checking criterion v0.3.2
[INFO] [stdout] error[E0432]: unresolved import `ipfs_embed`
[INFO] [stdout]  --> benches/list.rs:3:5
[INFO] [stdout]   |
[INFO] [stdout] 3 | use ipfs_embed::{Config, Store};
[INFO] [stdout]   |     ^^^^^^^^^^ use of undeclared type or module `ipfs_embed`
[INFO] [stdout] 
[INFO] [stdout] 
[INFO] [stdout] error[E0061]: this function takes 3 arguments but 4 arguments were supplied
[INFO] [stdout]   --> benches/list.rs:31:17
[INFO] [stdout]    |
[INFO] [stdout] 31 |                 List::from(store, 64, 256, data.into_iter()).await.unwrap();
[INFO] [stdout]    |                 ^^^^^^^^^^ -----  --  ---  ---------------- supplied 4 arguments
[INFO] [stdout]    |                 |
[INFO] [stdout]    |                 expected 3 arguments
[INFO] [stdout] 
[INFO] [stdout] 
[INFO] [stdout] error[E0698]: type inside `async` block must be known in this context
[INFO] [stdout]   --> benches/list.rs:31:35
[INFO] [stdout]    |
[INFO] [stdout] 31 |                 List::from(store, 64, 256, data.into_iter()).await.unwrap();
[INFO] [stdout]    |                                   ^^ cannot infer type for type `{integer}`
[INFO] [stdout]    |
[INFO] [stdout] note: the type is part of the `async` block because of this `await`
[INFO] [stdout]   --> benches/list.rs:31:17
[INFO] [stdout]    |
[INFO] [stdout] 31 |                 List::from(store, 64, 256, data.into_iter()).await.unwrap();
[INFO] [stdout]    |                 ^^^^^^^^^^^^^^^^^^^^^^^^^^^^^^^^^^^^^^^^^^^^^^^^^^
[INFO] [stdout] 
[INFO] [stdout] 
[INFO] [stdout] error[E0698]: type inside `async` block must be known in this context
[INFO] [stdout]   --> benches/list.rs:31:39
[INFO] [stdout]    |
[INFO] [stdout] 31 |                 List::from(store, 64, 256, data.into_iter()).await.unwrap();
[INFO] [stdout]    |                                       ^^^ cannot infer type for type `{integer}`
[INFO] [stdout]    |
[INFO] [stdout] note: the type is part of the `async` block because of this `await`
[INFO] [stdout]   --> benches/list.rs:31:17
[INFO] [stdout]    |
[INFO] [stdout] 31 |                 List::from(store, 64, 256, data.into_iter()).await.unwrap();
[INFO] [stdout]    |                 ^^^^^^^^^^^^^^^^^^^^^^^^^^^^^^^^^^^^^^^^^^^^^^^^^^
[INFO] [stdout] 
[INFO] [stdout] 
[INFO] [stdout] error[E0061]: this function takes 3 arguments but 4 arguments were supplied
[INFO] [stdout]   --> benches/list.rs:50:17
[INFO] [stdout]    |
[INFO] [stdout] 50 |                 List::from(store, 64, 256, data.into_iter()).await.unwrap();
[INFO] [stdout]    |                 ^^^^^^^^^^ -----  --  ---  ---------------- supplied 4 arguments
[INFO] [stdout]    |                 |
[INFO] [stdout]    |                 expected 3 arguments
[INFO] [stdout] 
[INFO] [stdout] 
[INFO] [stdout] error[E0698]: type inside `async` block must be known in this context
[INFO] [stdout]   --> benches/list.rs:50:35
[INFO] [stdout]    |
[INFO] [stdout] 50 |                 List::from(store, 64, 256, data.into_iter()).await.unwrap();
[INFO] [stdout]    |                                   ^^ cannot infer type for type `{integer}`
[INFO] [stdout]    |
[INFO] [stdout] note: the type is part of the `async` block because of this `await`
[INFO] [stdout]   --> benches/list.rs:50:17
[INFO] [stdout]    |
[INFO] [stdout] 50 |                 List::from(store, 64, 256, data.into_iter()).await.unwrap();
[INFO] [stdout]    |                 ^^^^^^^^^^^^^^^^^^^^^^^^^^^^^^^^^^^^^^^^^^^^^^^^^^
[INFO] [stdout] 
[INFO] [stdout] 
[INFO] [stdout] error[E0698]: type inside `async` block must be known in this context
[INFO] [stdout]   --> benches/list.rs:50:39
[INFO] [stdout]    |
[INFO] [stdout] 50 |                 List::from(store, 64, 256, data.into_iter()).await.unwrap();
[INFO] [stdout]    |                                       ^^^ cannot infer type for type `{integer}`
[INFO] [stdout]    |
[INFO] [stdout] note: the type is part of the `async` block because of this `await`
[INFO] [stdout]   --> benches/list.rs:50:17
[INFO] [stdout]    |
[INFO] [stdout] 50 |                 List::from(store, 64, 256, data.into_iter()).await.unwrap();
[INFO] [stdout]    |                 ^^^^^^^^^^^^^^^^^^^^^^^^^^^^^^^^^^^^^^^^^^^^^^^^^^
[INFO] [stdout] 
[INFO] [stdout] 
[INFO] [stdout] error[E0061]: this function takes 2 arguments but 3 arguments were supplied
[INFO] [stdout]   --> benches/list.rs:63:32
[INFO] [stdout]    |
[INFO] [stdout] 63 |                 let mut list = List::new(store, 64, 256).await.unwrap();
[INFO] [stdout]    |                                ^^^^^^^^^ -----  --  --- supplied 3 arguments
[INFO] [stdout]    |                                |
[INFO] [stdout]    |                                expected 2 arguments
[INFO] [stdout] 
[INFO] [stdout] 
[INFO] [stdout] error[E0698]: type inside `async` block must be known in this context
[INFO] [stdout]   --> benches/list.rs:63:49
[INFO] [stdout]    |
[INFO] [stdout] 63 |                 let mut list = List::new(store, 64, 256).await.unwrap();
[INFO] [stdout]    |                                                 ^^ cannot infer type for type `{integer}`
[INFO] [stdout]    |
[INFO] [stdout] note: the type is part of the `async` block because of this `await`
[INFO] [stdout]   --> benches/list.rs:63:32
[INFO] [stdout]    |
[INFO] [stdout] 63 |                 let mut list = List::new(store, 64, 256).await.unwrap();
[INFO] [stdout]    |                                ^^^^^^^^^^^^^^^^^^^^^^^^^^^^^^^
[INFO] [stdout] 
[INFO] [stdout] 
[INFO] [stdout] error[E0698]: type inside `async` block must be known in this context
[INFO] [stdout]   --> benches/list.rs:63:53
[INFO] [stdout]    |
[INFO] [stdout] 63 |                 let mut list = List::new(store, 64, 256).await.unwrap();
[INFO] [stdout]    |                                                     ^^^ cannot infer type for type `{integer}`
[INFO] [stdout]    |
[INFO] [stdout] note: the type is part of the `async` block because of this `await`
[INFO] [stdout]   --> benches/list.rs:63:32
[INFO] [stdout]    |
[INFO] [stdout] 63 |                 let mut list = List::new(store, 64, 256).await.unwrap();
[INFO] [stdout]    |                                ^^^^^^^^^^^^^^^^^^^^^^^^^^^^^^^
[INFO] [stdout] 
[INFO] [stdout] 
[INFO] [stdout] error[E0061]: this function takes 2 arguments but 3 arguments were supplied
[INFO] [stdout]   --> benches/list.rs:80:32
[INFO] [stdout]    |
[INFO] [stdout] 80 |                 let mut list = List::new(store, 64, 256).await.unwrap();
[INFO] [stdout]    |                                ^^^^^^^^^ -----  --  --- supplied 3 arguments
[INFO] [stdout]    |                                |
[INFO] [stdout]    |                                expected 2 arguments
[INFO] [stdout] 
[INFO] [stdout] 
[INFO] [stdout] error[E0698]: type inside `async` block must be known in this context
[INFO] [stdout]   --> benches/list.rs:80:49
[INFO] [stdout]    |
[INFO] [stdout] 80 |                 let mut list = List::new(store, 64, 256).await.unwrap();
[INFO] [stdout]    |                                                 ^^ cannot infer type for type `{integer}`
[INFO] [stdout]    |
[INFO] [stdout] note: the type is part of the `async` block because of this `await`
[INFO] [stdout]   --> benches/list.rs:80:32
[INFO] [stdout]    |
[INFO] [stdout] 80 |                 let mut list = List::new(store, 64, 256).await.unwrap();
[INFO] [stdout]    |                                ^^^^^^^^^^^^^^^^^^^^^^^^^^^^^^^
[INFO] [stdout] 
[INFO] [stdout] 
[INFO] [stdout] error[E0698]: type inside `async` block must be known in this context
[INFO] [stdout]   --> benches/list.rs:80:53
[INFO] [stdout]    |
[INFO] [stdout] 80 |                 let mut list = List::new(store, 64, 256).await.unwrap();
[INFO] [stdout]    |                                                     ^^^ cannot infer type for type `{integer}`
[INFO] [stdout]    |
[INFO] [stdout] note: the type is part of the `async` block because of this `await`
[INFO] [stdout]   --> benches/list.rs:80:32
[INFO] [stdout]    |
[INFO] [stdout] 80 |                 let mut list = List::new(store, 64, 256).await.unwrap();
[INFO] [stdout]    |                                ^^^^^^^^^^^^^^^^^^^^^^^^^^^^^^^
[INFO] [stdout] 
[INFO] [stdout] 
[INFO] [stdout] error: aborting due to 13 previous errors
[INFO] [stdout] 
[INFO] [stdout] 
[INFO] [stdout] Some errors have detailed explanations: E0061, E0432, E0698.
[INFO] [stdout] 
[INFO] [stdout] For more information about an error, try `rustc --explain E0061`.
[INFO] [stdout] 
[INFO] [stderr] error: could not compile `ipld-collections`.
[INFO] [stderr] 
[INFO] [stderr] To learn more, run the command again with --verbose.
[INFO] [stderr] warning: build failed, waiting for other jobs to finish...
[INFO] [stderr] error: build failed
[INFO] running `Command { std: "docker" "inspect" "bd66b4bf73268cf85b119329749e6e513ccb497c94585af40dfe9286814bad5b", kill_on_drop: false }`
[INFO] running `Command { std: "docker" "rm" "-f" "bd66b4bf73268cf85b119329749e6e513ccb497c94585af40dfe9286814bad5b", kill_on_drop: false }`
[INFO] [stdout] bd66b4bf73268cf85b119329749e6e513ccb497c94585af40dfe9286814bad5b
